3830. List the prime factors of u.
383
Let u(r) = -r**3 - 5*r**2 + 4. Let f be u(-5). Let w be (-32)/(-12)*6/f. Suppose -2*l + w*h = h - 69, -4*h + 48 = 2*l. What are the prime factors of l?
2, 3, 5
Let p = 4155 + -2379. What are the prime factors of p?
2, 3, 37
Suppose 5*n - b - 5 - 24 = 0, 5*n - 35 = -5*b. Let w(x) = x**3 - 7*x**2 + 5*x + 8. Let j be w(n). Suppose -3*z + 13 = -j*z. List the prime factors of z.
13
Let u(x) = x**3 - x**2 - 2*x. Let j(w) = -w**3 + 2*w**2 + 3*w - 1. Let z(t) = -6*j(t) - 7*u(t). Let r = 236 - 241. List the prime factors of z(r).
2, 13
Let d be (-3)/(12/(-370))*16/8. Let v = d + -115. List the prime factors of v.
2, 5, 7
Let b(h) = 40*h - 39. What are the prime factors of b(8)?
281
Let a(g) = -g - 6. Let x be a(-11). Let m = x - 2. Suppose 0 = -m*c - 16 + 61. What are the prime factors of c?
3, 5
Let b(l) = 175*l - 758. What are the prime factors of b(20)?
2, 3, 457
Let f(a) = -a - 4. Suppose 4*h = -11 - 9. Let m be f(h). Suppose -2*c = -m - 13. What are the prime factors of c?
7
Let y be -1*(-2 - 0)*1. Suppose y = 2*i - 42. Let k = -14 + i. List the prime factors of k.
2
Let d be ((-36)/2)/(-3) - 0. Suppose d*j - 3*j + 81 = 0. What are the prime factors of j/(-5) + (-12)/(-20)?
2, 3
Let b be (-1)/((-12)/32)*9. Let j = 189 - 110. Let c = j - b. What are the prime factors of c?
5, 11
Suppose 5*l + 10700 = 5*x, 4*x + 3*l + 0*l = 8567. List the prime factors of x.
2141
Suppose 0 = -2*p + 2*g - 271 + 1399, 0 = -2*p - g + 1137. What are the prime factors of p?
3, 7
List the prime factors of 4/34 + 53530/170.
3, 5, 7
Let v(r) = 8*r**2 + 4*r - 3. Let y be v(-6). Let k = y - 118. Suppose 5*s - k = -33. List the prime factors of s.
2, 11
Let f be (0 - 4/12)*-27. Let z be 2/f - (-712)/36. Let b = 28 - z. List the prime factors of b.
2
Let d(b) = b + 4. Let r be d(-8). Let z(g) = -g**2 - 6*g - 1. Let v be z(r). Let k = 9 + v. What are the prime factors of k?
2
Suppose 0 = -4*j + 3*u + 4637, -j + 4*u + 1153 = 2*u. List the prime factors of j.
1163
Suppose 0 = -11*a + 3*a + 88. Let u(n) = 0*n + 6*n + a*n - 17. List the prime factors of u(5).
2, 17
Let s(x) = 3*x - 204*x**2 + 2*x + 10 + 207*x**2 - 6*x. Suppose -6 = -2*y + 5*i, -2*y - 3*y + i + 15 = 0. List the prime factors of s(y).
2, 17
Let a = -5 + 5. Suppose a = 7*s - 666 - 139. Suppose 2*b + 3*b - s = 0. List the prime factors of b.
23
Let r(h) = h**3 + 4*h**2 - 10*h + 6. List the prime factors of r(2).
2, 5
Let k(z) = z**2 - 16*z + 28. Suppose 95 = 5*a + x, -a + 5*x = -3*a + 15. List the prime factors of k(a).
2, 3
Let q be (-3 - -19)*(-2)/(-8). Suppose 36 = q*w - 4*r, 4*r - 2*r = -w. What are the prime factors of w?
2, 3
Let b(z) = -138*z**3 + 2*z**2 + 2*z + 1. Let y be b(-1). Suppose -3*d - 89 = y. Let s = 107 + d. List the prime factors of s.
31
Suppose 2*d - 7 + 85 = 0. Let x be 12/(-9)*d/2. Suppose x = 3*u + 2. List the prime factors of u.
2
Let t(x) = -x**3 + x**2 + 55. Let z(w) = w + 2. Let h be z(-2). Let j be t(h). List the prime factors of j*1 - 0/(-18).
5, 11
Let x(p) = -12*p + 566. What are the prime factors of x(39)?
2, 7
Let n = 20 + 11. Let s = n - 28. What are the prime factors of s?
3
Suppose 23*n - 9*n + 1834 = 0. Let v = -39 - n. List the prime factors of v.
2, 23
Let r = -381 + 1264. List the prime factors of r.
883
Suppose 2 = -m + 1. Let u(i) = 146256 - 7*i - 146258 - 7*i. What are the prime factors of u(m)?
2, 3
Let g(p) be the first derivative of -p**4/4 + 11*p**3/3 - 11*p**2/2 + 10*p + 10. Let d be g(10). Suppose -k + 14 + 9 = d. What are the prime factors of k?
23
Let r = -22 - -22. Suppose r = m + 2, -124 = 2*b - 4*b - 4*m. List the prime factors of b.
2, 3, 11
Let q(d) = 2*d**2 - 2*d - 10. What are the prime factors of q(9)?
2, 67
Suppose 0 = -12*r + 16496 - 6368. List the prime factors of r.
2, 211
Let c(r) = r - 5. Let l be c(5). Let o(q) be the second derivative of -q**5/20 + 11*q**2/2 - 540*q. What are the prime factors of o(l)?
11
Suppose x = k + 822, 4*k + 40 = -2*x + 1702. List the prime factors of x.
3, 5, 11
Suppose -2*x - 4*m + 130 + 2 = 0, 5*m = 2*x - 177. Suppose l = x - 7. List the prime factors of l.
3, 23
Let r(d) = 36*d + 907. What are the prime factors of r(16)?
1483
Let m(w) = 180*w + 95. Let f(a) = 15*a + 8. Let c(y) = 35*f(y) - 3*m(y). Let b be c(-2). Let o = 66 - b. What are the prime factors of o?
41
Let z = 1095 - 645. Suppose 10*u = z + 1230. List the prime factors of u.
2, 3, 7
Let g be (-21)/3*(4/7 + -2). Suppose -3*b - 791 = -g*b. What are the prime factors of b?
113
Let o be (-1572)/(-14) - (-12)/(-42). Suppose o = -6*l + 2*l. List the prime factors of (-1)/(2/l*1).
2, 7
Let o = 3651 - 2537. List the prime factors of o.
2, 557
Let y be 0 - (-1 - 0)*3. Suppose -400 = -y*j + 257. Let d = j - 155. List the prime factors of d.
2
Suppose -22*g + 432 = -1108. List the prime factors of g.
2, 5, 7
Let k(b) be the first derivative of -b**4/4 - b**3/3 - b**2 + 210*b + 40. List the prime factors of k(0).
2, 3, 5, 7
Suppose -2 = -j - 0. Let o be 2 - -4*3/j. Suppose -2*x = o - 86. List the prime factors of x.
3, 13
Suppose -2*g = -0*g + 8. Let x = 6 + g. Suppose x*d + 6 = 0, d = 3*p - 1 - 23. What are the prime factors of p?
7
Suppose 3*t + 2*b = -4, -t = 2*t - 3*b - 6. Suppose t*a - 2*a + 8 = 2*n, 5*n = -4*a + 18. What are the prime factors of n?
2
Let m(d) = 11*d. Let h be m(1). Let j = h + -15. Let u(b) = -2*b**3 - 6*b**2 - 5*b - 6. What are the prime factors of u(j)?
2, 23
Suppose 0*j - 4 = -2*j. Suppose -2*b - j*b + 100 = 4*v, v - 2*b = 31. What are the prime factors of v?
3
Let a(r) = -17*r - 95. List the prime factors of a(-33).
2, 233
Let y(u) = -u**3 - 3*u**2 - 3*u - 3. Let n(m) be the third derivative of m**4/24 - m**3/6 + 6*m**2. Let a be n(-2). List the prime factors of y(a).
2, 3
Suppose 5*s + 203 = 598. List the prime factors of s.
79
Suppose 0 = -5*u - 25*u + 68730. List the prime factors of u.
29, 79
Let q be 10*10 + 5 + -3. Let s be (0 + 1)/(6/q). What are the prime factors of s + (3 + 1 - 3)?
2, 3
Let f = 1145 - 246. List the prime factors of f.
29, 31
Let q = -173 - -223. List the prime factors of q.
2, 5
List the prime factors of 3554/8 + 5/(-4) + 2.
5, 89
Let s = 112 + -175. Let v = s + 31. What are the prime factors of (-408)/v - (-2)/8?
13
Let n be 4/(-6) + (-70)/(-15). Suppose -i + 4*y + 28 = 0, -65 - 5 = -n*i + 2*y. Let h(q) = q**3 - 15*q**2 - 13*q - 14. What are the prime factors of h(i)?
2, 17
Let w(i) = -4*i + 49. Let b be w(11). Suppose 3*g = -l + 38, 31 + 42 = 2*l + b*g. List the prime factors of l.
29
Suppose -3*f = 3*h + 57, 3*h - 2*f + 36 + 16 = 0. Suppose o - 5*m - 49 = -14, -8 = 4*m. Let p = o + h. List the prime factors of p.
7
Suppose -t - 3*s = 66, 213 = -3*t - t + 5*s. Let u = 103 + t. What are the prime factors of u?
2, 23
Suppose -4*h = 5*m + 327, 10 = 3*m - m. What are the prime factors of 0/7 + h/(-2)?
2, 11
Let c = -608 - -854. Let p = c + -18. What are the prime factors of p?
2, 3, 19
Let g = 401 - -57. List the prime factors of g.
2, 229
List the prime factors of (-11230)/(-16) + 25/200.
2, 3, 13
Suppose 0*z = -z + j + 8, 0 = 2*z - 4*j - 14. Let h be (-582)/9*z/(-6). Let q = h - 55. List the prime factors of q.
2, 3, 7
Let h(g) = 2*g**2 - 2. Suppose 0 = 4*b + d - 24, 0 = -3*b - d - 2*d + 18. Let r be h(b). Suppose -4*a + r = -50. List the prime factors of a.
2, 3, 5
What are the prime factors of (-5 - (-1 - 0)) + 1 + 751?
2, 11, 17
Let l = -786 + 1173. List the prime factors of l.
3, 43
Let f = 20 - 20. Suppose -45 = -f*d + d. Let u = d - -94. What are the prime factors of u?
7
Let t = -30 + 33. Suppose 0 = -t*h + 74 + 34. List the prime factors of h.
2, 3
Suppose 0 = -16*o + 4*o + 180. Suppose -o*f - 186 = -16*f. List the prime factors of f.
2, 3, 31
Suppose 0 = -40*r + 5068 + 2372. What are the prime factors of r?
2, 3, 31
Suppose k - 4147 = -5*q + 774, 0 = -4*q - k + 3937. List the prime factors of q.
2, 3, 41
Suppose t = 2*t - 173. What are the prime factors of t?
173
Suppose 3*y + 2*y + 1088 = 2*r, 3*r + 4*y = 1586. List the prime factors of r.
2, 3, 89
Let s(i) = 2*i**2 - 16*i - 8. Let k be (-8)/(-10)*1*(17 - 2). List the prime factors of s(k).
2, 11
Suppose 0 = -0*q - 3*q. Suppose -2*v + 5 + 9 = -2*k, -4*v - 3*k + 7 = q. List the prime factors of v.
2
Let l = -2 - -10. Sup